*2 - 10*t - 5. Let p(x) = x**3 - 3*x**2 - 12*x - 5. Let q(y) = 6*h(y) - 5*p(y). Give q(9).
-5
Let y(u) be the first derivative of u**2/2 + 14*u - 41. Suppose 0 = 3*d - 20 + 2. Suppose -2*l + d*l = -24. Determine y(l).
8
Let i(l) be the second derivative of l**4/6 + l**3/6 - l**2/2 - 2*l - 117. Calculate i(4).
35
Let m(c) = c**3 + 9*c**2 - 2*c + 6. Suppose b - 19 = -28. Give m(b).
24
Suppose 0 = -16*m + 7*m - 18. Let r(t) be the first derivative of 7*t**3/6 + t**2/2 + t + 5. Let c(u) be the first derivative of r(u). Calculate c(m).
-13
Let n(u) = u**3 + 4*u**2 - 2*u - 3. Let t be n(-3). Suppose -9 = -z + t. Suppose -c + 3*s - 16 = -2, -z = 3*c - 2*s. Let w(x) = -x**2 - 6*x - 1. What is w(c)?
4
Let v be 3/21 - (-3 - (-50)/7). Let g be 1/v - (-55)/(-20) - 3. Let l(u) = -u**2 + 2 - 5 - 1 - 7*u. What is l(g)?
2
Let k(d) = -7 - 2 - 3 - 8*d**3 + d**2 + 11. Let i(a) = 5*a + 19. Let r be i(-4). Determine k(r).
8
Let w(l) = -l**3 + l**2 + l - 1. Let p be w(1). Let c(a) be the second derivative of p + 0*a**3 - 3*a + 1/12*a**4 + 0*a**2. What is c(-1)?
1
Let v(t) = t**2 - 8*t + 3. Let u be v(8). Suppose 4*h = 2*p - 20, u = 5*h - p + 25. Let z(r) = r**2 + 6*r + 1. Give z(h).
-7
Let q = -85 - -85. Let p(f) = 3*f**3 - 5 - 9*f**2 - 4*f**3 - 2*f + q*f**3 - 4. What is p(-9)?
9
Suppose 7*b - j = 4*b + 4, -5*b + 3*j = -12. Suppose b = o - 5 - 2. Suppose -o = y - 12. Let v(u) = u**2 - 4*u + 1. Calculate v(y).
6
Let u(m) be the second derivative of -17*m + 1/3*m**3 + 0 - 3/2*m**2. What is u(-4)?
-11
Let g = -2 - -8. Let h(q) be the first derivative of -q**5/60 + 5*q**4/24 + q**3/2 + 5*q**2 + 9. Let z(s) be the second derivative of h(s). What is z(g)?
-3
Let j(p) = -10*p**2 + 4*p + 2. Let f(q) be the first derivative of 5*q**3 - 3*q**2 - 3*q + 7. Let d(c) = -5*f(c) - 7*j(c). Calculate d(2).
-15
Let x(c) = -17*c - 6. Let w(b) = -b - 1. Let s(u) = 20*u + 9. Let l(p) = s(p) + 2*w(p). Let n(h) = -5*l(h) - 6*x(h). Suppose 0 = 2*f - f - 1. Determine n(f).
13
Let d(v) be the third derivative of -v**6/360 + v**5/120 - v**4/12 - 5*v**3/6 + 5*v**2. Let s(i) be the first derivative of d(i). What is s(-2)?
-8
Let n(u) = -6*u + 10. Suppose l = 5*o - 30, -l = -o - 4*l - 10. Let c(a) = 7*a - 11. Let r(f) = o*c(f) + 6*n(f). What is r(9)?
-4
Let g = -89 - -87. Let c = -2 - -3. Let h be ((c - -2) + g)*2. Let p(v) = 3*v. Give p(h).
6
Let x be (41 + -31)/(2*(-1)/(-2)). Suppose -5*u - 6 = -4*w, 4*w = 4*u - 3 + 11. Let m(d) = -w - 11*d + d**2 + x*d - 2. Determine m(0).
-6
Let w(o) = -5*o - 3. Let y(h) = -8*h - 4. Let a(r) = -3*w(r) + 2*y(r). Let s = -4 - -7. What is a(s)?
-2
Suppose -261 = -3*d - 234. Let v(x) = 3*x + 9. Give v(d).
36
Let a(i) = -8*i - 1. Let s(z) = -z**2 + 55*z + 363. Let d be s(61). Calculate a(d).
23
Suppose -m - 230 = -2*s + 654, 441 = s - m. Let x(b) = -s*b + 449*b - 3 + 4. Calculate x(1).
7
Let y(s) = s**2 - s + 2. Let l = -104 + 106. Calculate y(l).
4
Let i(m) be the first derivative of m**4/24 - 11*m**3/6 - 10*m**2 - 34. Let y(k) be the second derivative of i(k). Calculate y(8).
-3
Let h(f) be the third derivative of f**4/6 - f**3/3 - 340*f**2. Calculate h(-9).
-38
Let l(q) = q. Let m(h) = 6*h - 3. Let y be m(3). Let u = -15 + y. Let f be l(u). Let b(d) = -d - 5. Give b(f).
-5
Let c = -104 + 102. Let f be -8 - (-4 - 0)*(-1)/c. Let q(z) = -1 - z**3 + 8 - 8*z**2 + 7*z + 3*z**2. What is q(f)?
1
Let u(o) be the third derivative of o**5/60 + 13*o**4/12 + 11*o**3/3 - o**2. Let i be u(-25). Let v(k) = -k + 1. Determine v(i).
4
Let b(a) = -1340*a**2 - 9 + 1 + 1341*a**2. Give b(3).
1
Let w(i) = i**3 + 21*i**2 + 21*i + 28. Let h be w(-20). Suppose 2*o + 4*p + 26 = 0, -5*o + h = -5*p - 2. Let l(z) = -z + 3. Determine l(o).
6
Let o be (8 + -11)/3 - (4 + -1). Let t(m) = -8*m + 5. Calculate t(o).
37
Suppose 5*d - 15 = 2*d. Let z(k) = -k**2 + 8*k + 1. Let f(v) = v - 1. Let n = 55 - 61. Let q(s) = n*f(s) + z(s). Give q(d).
-8
Let l(y) = -2*y - 4. Suppose -5*j + 64 = -3*a, 3*j - 4*a + a - 36 = 0. Let c = -20 + j. Calculate l(c).
8
Let m(s) be the second derivative of s**5/20 - 2*s**4/3 + 7*s**3/6 + s**2 + 2*s. Let u be 2/(-12) + 86*(-1)/(-12). What is m(u)?
2
Let o(t) = -t - 3. Let m be o(-1). Let a(c) = -5*c**2 - 2*c. Calculate a(m).
-16
Let d(c) be the second derivative of 0 - 5/6*c**3 - 1/2*c**2 + 1/12*c**4 - 8*c. What is d(6)?
5
Suppose -4 = -5*r + 7*r. Let s(m) = 3*m. Calculate s(r).
-6
Suppose 27*m - 23*m = 12. Suppose -4*y + m*h = -31, 2*y + 3*y = -4*h + 31. Let k(v) = v**3 - 8*v**2 + 6*v + 2. Calculate k(y).
-5
Let u(n) = 9*n**2 - n + 1. Let c be u(1). Suppose -3*g + c = 27. Let v(b) = b**2 + 6*b - 3. Calculate v(g).
-3
Let i(d) be the third derivative of -1/6*d**4 - 1/3*d**3 + 1/120*d**6 + 0*d + 0 + 28*d**2 + 1/60*d**5. Determine i(-3).
-8
Let f(g) be the first derivative of -g**3/3 + 4*g**2 + 15*g - 41. Calculate f(11).
-18
Let u be 120/(-54) - 2/(-9). Suppose -i = 5*i - 12. Let h(j) = -4*j**i + 2*j + 7*j**2 - 6 + j**3 + 0*j**2 + 5. Give h(u).
-1
Let y be (-667)/69*(-2 - 1). Suppose 0 = -2*l + y - 25. Let g be (0/2)/(l/1). Let a(j) = -j - 6. Determine a(g).
-6
Suppose -6*u + 22*u = -144. Let y(c) = -c + 1. Calculate y(u).
10
Let j(l) be the first derivative of -l**4/4 - 5*l**3/3 - l**2 - 7*l + 36. Let p(y) = 2*y**2 - 2*y - 2. Let b be p(3). Let w be 2/((-4)/b - 0). What is j(w)?
3
Let w(j) = j**2 + 6*j - 13. Let r(s) = 2*s**2 + 10*s - 3. Let n be r(-7). Suppose -9 = -2*y - n. Let q be w(y). Let h(b) = b**2 - 2*b - 3. Determine h(q).
0
Let y(s) = -3*s + 5. Suppose 0 = -g + 5*i, 4*g = 9*g - 3*i. Let w(d) = 9 - 5 + 0 - 4*d + g. Let b(k) = 2*w(k) - 3*y(k). What is b(6)?
-1
Let i(w) be the second derivative of w**4/6 + w**3 - 3*w**2/2 + 34*w. Determine i(-5).
17
Let w(r) = -8*r**2 + 33*r - 10. Let o(s) = -2*s**2 + 8*s - 2. Let g(c) = -9*o(c) + 2*w(c). Determine g(5).
18
Let c(f) = 7*f**2 - 14*f + 3. Let j = 354 + -352. Determine c(j).
3
Let p(v) = 1 + 85*v + v**3 - 2*v**3 + 7*v - 92*v. Let h(g) = -g - 4. Let z be h(-2). What is p(z)?
9
Let y(x) = -3*x**2 - 10*x + 3. Let z be y(-4). Let c(f) = -f**3 - 5*f**2 + 3*f + 1. Calculate c(z).
-14
Let q be (-1)/3 - (-5)/15. Let b(p) = p**3 - p + 11. Determine b(q).
11
Let z(k) be the first derivative of -k**4/4 + 2*k**3/3 + 9*k**2/2 - 7*k - 29. Calculate z(4).
-3
Let i(t) be the second derivative of 7*t**3/6 + t**2/2 - 3*t. Let j(q) = 2*q**2 - 47*q - 76. Let r be j(25). Give i(r).
-6
Let u(r) be the third derivative of -r**5/60 + 5*r**4/24 - r**3/6 + 2*r**2 - 5. Determine u(6).
-7
Let z(r) be the third derivative of 8*r**2 + 0 - 1/12*r**4 - 3*r - 1/3*r**3. Calculate z(-5).
8
Let s(b) be the first derivative of 2*b**3/3 + 5*b**2 + 2*b + 14. Let x(m) = m + 1. Let f(k) = s(k) - 5*x(k). Calculate f(-4).
9
Let j(l) = 3 + 41*l**2 + 3*l + 37*l**2 + 40*l**2 - 117*l**2. Let c be 2 + (-1 - 0) + -4. What is j(c)?
3
Let u be -4 + 15 + (-29 - -14). Let y(f) = -5*f - 25. Calculate y(u).
-5
Let s = 25 + -23. Let l(f) = -50*f**s + 2 - 4*f + 33*f**2 + 23*f**2 - f**3. Give l(4).
18
Let c(r) = -r - 3. Let h be c(-1). Let d be -8 + 6 + (-10)/h. Suppose d*w = 2*m + 1 + 4, m + 9 = -5*w. Let v(t) = 6*t**2 + t + 1. Give v(w).
6
Suppose 0 = -4*x - 16, 0 = -9*u + 13*u - 3*x - 4. Let y(l) = l + 1. Let c(z) = -z**2 + 3*z + 1. Let j(s) = c(s) - 3*y(s). Determine j(u).
-6
Let l = 16 + -13. Suppose 0 = -l*q - 0*q + 12. Suppose q + 16 = 5*n. Let c(f) = -f + 2. Determine c(n).
-2
Let j(k) = 7*k**2 + k + 1. Let y(i) = 46*i**2 + 4*i + 4. Let t(b) = 6*j(b) - y(b). Determine t(2).
-10
Let x(r) = 112 + 9*r - 38 - 37 - 35. Calculate x(-2).
-16
Let b(y) be the first derivative of y**3/3 + 3*y**2 - 9*y + 36. Let q be b(-8). Let u(x) = x**2 - 7*x + 4. What is u(q)?
4
Suppose -2*u + 0*u = -2*y + 28, -5*y = -4*u - 57. Let j(i) = -2*i - 16. Determine j(u).
10
Let k be (1/(-3))/((-1)/3). Let x(v) = 9*v**2 - 1 - 2683*v + 5348*v - 2664*v. Give x(k).
9
Let f = 38 + -42. Let o(y) = 3*y - 1. Suppose 12 = 3*n + n, b = -5*n + 10. Let r(m) = -3*m. Let p(s) = b*r(s) + f*o(s). What is p(-5)?
-11
Let c(g) = -g**3 - g**2 + g. Let k(y) = 6*y**3 + 12*y**2 - 5*y + 1. Let f(d) = -5*c(d) - k(d). Let p be (-7 + 17)/(-5) + -3 + -2. Give f(p).
-1
Suppose 6*y - 25 = y. Suppose 5*z - 5*f = -10, 4*z + 3 + y = -2*f. Let d(a) = 2*a**2 - a - 1. Determine d(z).
9
Let k be (3*5/9)/((-15)/(-27)). Let d(i